{"id":8,"date":"2020-07-08T22:54:34","date_gmt":"2020-07-08T20:54:34","guid":{"rendered":"http:\/\/cesarches.fr\/cesarches\/?page_id=8"},"modified":"2020-10-04T18:18:14","modified_gmt":"2020-10-04T16:18:14","slug":"contact","status":"publish","type":"page","link":"https:\/\/cesarches.fr\/cesarches\/contact\/","title":{"rendered":"Contact"},"content":{"rendered":"\n<p class=\"has-text-align-center\">Vous pouvez contacter la mairie par t\u00e9l\u00e9phone au  04 79 32 10 97 <\/p>\n\n\n\n<p class=\"has-text-align-center\">ou par mail mairie[\u00e0]cesarches.fr<\/p>\n","protected":false},"excerpt":{"rendered":"<p>Vous pouvez contacter la mairie par t\u00e9l\u00e9phone au 04 79 32 10 97 ou par mail mairie[\u00e0]cesarches.fr<\/p>\n","protected":false},"author":1,"featured_media":0,"parent":0,"menu_order":0,"comment_status":"closed","ping_status":"closed","template":"","meta":{"footnotes":""},"class_list":["post-8","page","type-page","status-publish","hentry"],"_links":{"self":[{"href":"https:\/\/cesarches.fr\/cesarches\/wp-json\/wp\/v2\/pages\/8","targetHints":{"allow":["GET"]}}],"collection":[{"href":"https:\/\/cesarches.fr\/cesarches\/wp-json\/wp\/v2\/pages"}],"about":[{"href":"https:\/\/cesarches.fr\/cesarches\/wp-json\/wp\/v2\/types\/page"}],"author":[{"embeddable":true,"href":"https:\/\/cesarches.fr\/cesarches\/wp-json\/wp\/v2\/users\/1"}],"replies":[{"embeddable":true,"href":"https:\/\/cesarches.fr\/cesarches\/wp-json\/wp\/v2\/comments?post=8"}],"version-history":[{"count":4,"href":"https:\/\/cesarches.fr\/cesarches\/wp-json\/wp\/v2\/pages\/8\/revisions"}],"predecessor-version":[{"id":497,"href":"https:\/\/cesarches.fr\/cesarches\/wp-json\/wp\/v2\/pages\/8\/revisions\/497"}],"wp:attachment":[{"href":"https:\/\/cesarches.fr\/cesarches\/wp-json\/wp\/v2\/media?parent=8"}],"curies":[{"name":"wp","href":"https:\/\/api.w.org\/{rel}","templated":true}]}}