{"id":42,"date":"2020-07-09T09:35:40","date_gmt":"2020-07-09T07:35:40","guid":{"rendered":"http:\/\/cesarches.fr\/cesarches\/?page_id=42"},"modified":"2023-06-13T18:32:51","modified_gmt":"2023-06-13T16:32:51","slug":"construire-a-cesarches","status":"publish","type":"page","link":"https:\/\/cesarches.fr\/cesarches\/construire-a-cesarches\/","title":{"rendered":"Construire \u00e0 C\u00e9sarches&#8230;"},"content":{"rendered":"\n<p><\/p>\n\n\n\n<p><strong>Depuis le 1er janvier 2022, il est d\u00e9sormais possible de d\u00e9poser ses demandes d&rsquo;urbanisme directement en ligne pour la commune de C\u00e9sarches via le lien suivant : <a href=\"https:\/\/pu.rgd.fr\/#\/073061\" data-type=\"URL\" target=\"_blank\" rel=\"noreferrer noopener\">https:\/\/pu.rgd.fr\/#\/073061<\/a><\/strong><\/p>\n\n\n\n<p class=\"has-text-align-center\"><strong> ***<\/strong><\/p>\n\n\n\n<p> <\/p>\n\n\n\n<p><\/p>\n\n\n\n<p><strong><em>Avant toutes choses : v\u00e9rifier si l&rsquo;op\u00e9ration est r\u00e9alisable&#8230;.<\/em><\/strong><\/p>\n\n\n\n<ul class=\"wp-block-list\">\n<li><a href=\"http:\/\/cesarches.fr\/demarches-administratives\/construire-a-cesarches\/26-demarches-administratives\/69-certificat-d-urbanisme\">Certificat d&rsquo;urbanisme<\/a><\/li>\n<\/ul>\n\n\n\n<p><em><strong>Avant de construire : obtenir les autorisations d&rsquo;urbanisme&#8230;<\/strong><\/em><\/p>\n\n\n\n<ul class=\"wp-block-list\">\n<li><a href=\"http:\/\/cesarches.fr\/demarches-administratives\/construire-a-cesarches\/26-demarches-administratives\/71-declaration-prealable\">D\u00e9claration pr\u00e9alable<\/a><\/li>\n\n\n\n<li><a href=\"http:\/\/cesarches.fr\/demarches-administratives\/construire-a-cesarches\/26-demarches-administratives\/70-permis-de-construire\">Permis de construire\/ d&rsquo;am\u00e9nager<\/a><\/li>\n\n\n\n<li><a href=\"http:\/\/cesarches.fr\/demarches-administratives\/construire-a-cesarches\/26-demarches-administratives\/72-permis-modificatif\">Permis de contruire modificati<\/a>f<\/li>\n<\/ul>\n\n\n\n<p><em><strong>Avant de d\u00e9buter les travaux&#8230;.<\/strong><\/em><\/p>\n\n\n\n<ul class=\"wp-block-list\">\n<li><a href=\"http:\/\/cesarches.fr\/demarches-administratives\/construire-a-cesarches\/26-demarches-administratives\/73-declaration-ouverture-de-chantier\">D\u00e9claration d&rsquo;ouverture de chantier<\/a><\/li>\n<\/ul>\n\n\n\n<p><em><strong>A la fin du chantier&#8230;.<\/strong><\/em><\/p>\n\n\n\n<ul class=\"wp-block-list\">\n<li><a href=\"http:\/\/cesarches.fr\/demarches-administratives\/construire-a-cesarches\/26-demarches-administratives\/74-declaration-d-achevement-des-travaux\">D\u00e9claration d&rsquo;ach\u00e8vement des travaux<\/a><\/li>\n<\/ul>\n\n\n\n<p>Liens utiles :<\/p>\n\n\n\n<p><a href=\"http:\/\/www.cadastre.gouv.fr\/scpc\/afficherRechPlan.do\" target=\"_blank\" rel=\"noreferrer noopener\">Consultations du cadastre&nbsp;<\/a><\/p>\n\n\n\n<figure class=\"wp-block-image\"><img decoding=\"async\" src=\"http:\/\/cesarches.fr\/images\/logo\/cadastre.gouv.fr.png\" alt=\"cadastre.gouv.fr\"\/><\/figure>\n\n\n\n<p><a href=\"http:\/\/vosdroits.service-public.fr\/particuliers\/N319.xhtml\" target=\"_blank\" rel=\"noreferrer noopener\">Informations compl\u00e9mentaires sur l&rsquo;urbanisme &#8211; service-public.fr<\/a>&nbsp;<\/p>\n\n\n\n<figure class=\"wp-block-image\"><img decoding=\"async\" src=\"http:\/\/cesarches.fr\/images\/logo\/logoSP.png\" alt=\"logoSP\"\/><\/figure>\n","protected":false},"excerpt":{"rendered":"<p>Depuis le 1er janvier 2022, il est d\u00e9sormais possible de d\u00e9poser ses demandes d&rsquo;urbanisme directement en ligne pour la commune de C\u00e9sarches via le lien suivant : https:\/\/pu.rgd.fr\/#\/073061 *** Avant toutes choses : v\u00e9rifier si l&rsquo;op\u00e9ration est r\u00e9alisable&#8230;. Avant de construire : obtenir les autorisations d&rsquo;urbanisme&#8230; Avant de d\u00e9buter les travaux&#8230;. A la fin du [&hellip;]<\/p>\n","protected":false},"author":1,"featured_media":0,"parent":0,"menu_order":0,"comment_status":"closed","ping_status":"closed","template":"","meta":{"footnotes":""},"class_list":["post-42","page","type-page","status-publish","hentry"],"_links":{"self":[{"href":"https:\/\/cesarches.fr\/cesarches\/wp-json\/wp\/v2\/pages\/42","targetHints":{"allow":["GET"]}}],"collection":[{"href":"https:\/\/cesarches.fr\/cesarches\/wp-json\/wp\/v2\/pages"}],"about":[{"href":"https:\/\/cesarches.fr\/cesarches\/wp-json\/wp\/v2\/types\/page"}],"author":[{"embeddable":true,"href":"https:\/\/cesarches.fr\/cesarches\/wp-json\/wp\/v2\/users\/1"}],"replies":[{"embeddable":true,"href":"https:\/\/cesarches.fr\/cesarches\/wp-json\/wp\/v2\/comments?post=42"}],"version-history":[{"count":6,"href":"https:\/\/cesarches.fr\/cesarches\/wp-json\/wp\/v2\/pages\/42\/revisions"}],"predecessor-version":[{"id":1290,"href":"https:\/\/cesarches.fr\/cesarches\/wp-json\/wp\/v2\/pages\/42\/revisions\/1290"}],"wp:attachment":[{"href":"https:\/\/cesarches.fr\/cesarches\/wp-json\/wp\/v2\/media?parent=42"}],"curies":[{"name":"wp","href":"https:\/\/api.w.org\/{rel}","templated":true}]}}